= -5*o - 56. Let n = -6 - u. Suppose 0 = -70*d + 75*d - 220. Calculate the greatest common divisor of d and n.
11
Let h be (-4)/(-13) - 53022/(-312) - 10/8. Calculate the highest common divisor of 5915 and h.
169
Let r be -26*(-3)/12*12. Let s = 560 + -522. Let j = r - s. What is the greatest common factor of 240 and j?
40
Let h(f) = -f**3 + 11*f**2 + 11*f + 6. Suppose -3*j + 6 = -l, 17 = 4*l + 3*j - 19. Let m be h(l). What is the highest common factor of m and 36?
36
Let q(z) = z**3 + 27*z**2 + 27*z + 27. Let b be q(-26). Let r be (-1)/7 - (-3718)/(-91). Let h = r - -60. Calculate the highest common factor of h and b.
1
Suppose 102*i + 226 - 10222 = 0. What is the greatest common factor of 1134 and i?
14
Let j be (-658)/42 + 14 - 248/(-12) - 2. Suppose -h = -0*h - 459. Calculate the highest common divisor of h and j.
17
Let g(l) = 3*l**2 - 1. Let d(p) = 2*p**2 - 3*p - 74. Let j(s) = -d(s) + g(s). Let m be j(12). Calculate the highest common factor of 11 and m.
11
Let i(z) = z**3 + 41*z**2 - 181*z + 35. Let o be i(-45). What is the greatest common divisor of o and 4176?
16
Suppose 0 = -2*p + c + 9, -3*p - 4*c + 79 = 27. What is the greatest common factor of p and 5272?
8
Suppose -2*c - 20*c + 3432 = 0. Let h be (-5)/((-25)/(-162))*(-520)/c. Suppose a - 49 = -13. What is the highest common factor of h and a?
36
Let q be (-3)/(36/(-1264)) - (-8)/12. Calculate the highest common factor of 3763 and q.
53
Let x = 488 - 282. Let g be 1340/(-80) + 17 - 1439/(-4). Let l = g - x. Calculate the highest common divisor of 14 and l.
14
Suppose 0 = 2*h + 4*o - 4336, 23*h - 6501 = 20*h - 5*o. Calculate the highest common factor of 46 and h.
46
Let l = 6 + -4. Let d be ((-48)/(-40))/(2/160). Suppose 11*y + d = 17*y. What is the greatest common factor of l and y?
2
Suppose 175 = 5*r - 3*i, 4*r = -i + 5*i + 148. Calculate the greatest common factor of r and 1352.
8
Let s = 4568 - -1736. What is the highest common divisor of s and 197?
197
Let q be (30/(-2)*13)/(-5 - -6). Let g = 201 + q. What is the highest common divisor of 30 and g?
6
Suppose 0 = 16*w - 4211 + 3731. Calculate the highest common divisor of w and 810.
30
Suppose 4*r + r - 10 = 0. Suppose -4*n + 16 = -r*n. Let x = 129 + -127. Calculate the highest common factor of n and x.
2
Let p be 1/((-3)/63)*2/6. Let y be -9 - (-80 + p + 6). Let r(n) = -n**3 - 4*n**2 - 2*n. Let o be r(-4). Calculate the highest common divisor of o and y.
8
Let p = 158 + 325. Suppose -15*t = -8*t - p. Calculate the highest common divisor of t and 46.
23
Let c be 140/(-60)*53*-12. Calculate the highest common factor of c and 636.
212
Let s = -1136 - -1167. Calculate the greatest common factor of 124 and s.
31
Let a(c) = -5*c**2 - 15*c - 18. Let y be a(-12). Let i = 639 + y. What is the greatest common factor of 63 and i?
9
Suppose 1011393 = 847*v + 128*v - 178*v. What is the highest common factor of v and 893?
47
Suppose 164*p - 157*p = -u + 9013, p - 27019 = -3*u. What is the highest common factor of 158 and u?
158
Let t be ((-3)/(-6))/(260/5720). What is the greatest common divisor of 17083 and t?
11
Let h = 1589 + -1379. Calculate the highest common divisor of h and 3180.
30
Suppose -432*a = -441*a + 54. Let l be (-2444)/(-11) - 272/1496. Calculate the highest common divisor of l and a.
6
Suppose 5*f + 17 = 3*m, 2*f = -3*m - 3*f + 67. Let h be -7*((-44)/m + 4). Let z be (-165)/(-30) + h/(-4). Calculate the greatest common factor of 77 and z.
7
Suppose 3*y - 4*b = -28 + 5, 0 = -2*y + 3*b - 16. Let u be (-1)/y + (1118/10 - -4). Let a = -110 + u. Calculate the greatest common factor of 15 and a.
3
Let d be 1477 - 77/(-55)*5. Calculate the greatest common factor of d and 42.
14
Suppose 2*z - 38 = -4*k, 0 = -3*z + 5*k + 3 + 10. Calculate the highest common factor of z and 33.
11
Let s(q) = -q**2 + 17*q + 876. Let j be s(32). What is the highest common factor of 693 and j?
99
Let v be (-6 - (-64)/6) + 2/(-3). Suppose -55 = -5*z + 5*s, -28*z + 23*z = -v*s - 52. Calculate the greatest common divisor of z and 44.
4
Suppose 13*j + 121603 = 684152. Calculate the greatest common factor of j and 218.
109
Suppose -2*i + 31 = -b, 3*b - 9 = -2*i + 2. Let v be 1216/10 - (24/15 + -2). Let w = -57 + v. Calculate the greatest common divisor of w and i.
13
Let t be -3 - (2 - (7 + -2)). Let b be ((-4)/(-10) + t)*(4 - -271). Suppose 5*i - 140 = b. What is the highest common factor of 125 and i?
25
Let f be 57/(-6 + 465/80). Let a = f + 329. Let g(l) = 14*l**2 + 1. Let z be g(-4). What is the highest common divisor of z and a?
25
Suppose 29*j - 9204 = -33*j - 56*j. Calculate the highest common divisor of j and 13689.
39
Let w = 354 - 278. Let q = w + -70. Calculate the highest common divisor of 57 and q.
3
Suppose -2*o - 5*h = -1768, -32*o + 29*o - 5*h + 2637 = 0. What is the highest common divisor of o and 790?
79
Let r(p) = 31*p**2 + 4*p + 3. Let w be r(-3). Let z = -4012 - -4048. Calculate the greatest common factor of z and w.
18
Suppose -15*n + 16*n - 203 = 5*l, -3*l + 497 = 2*n. Calculate the greatest common factor of n and 6766.
34
Let a be ((-6)/21)/(4/(-140)). Let d be a + -2 + 519 + 5. What is the greatest common factor of d and 19?
19
Suppose -30*j = -32*j - 3*a + 1964, j = 2*a + 968. What is the highest common divisor of 80 and j?
16
Let v(l) = 3*l + 224. Let j be v(37). Let s = j - 247. What is the greatest common divisor of 40 and s?
8
Suppose 22*l - 26 = 20*l. Suppose l*a + 847 = 20*a. Calculate the highest common factor of 11 and a.
11
Suppose 23*m - 13*m = 340. Suppose y - 223 = 3*w, 2*w + m - 1234 = -5*y. What is the highest common divisor of 34 and y?
34
Let v = 8533 + -8529. Calculate the highest common divisor of v and 4196.
4
Suppose 0 = 203*h - 224*h + 42924. What is the highest common factor of 438 and h?
146
Suppose 2*l + 48 = 5*w - 4*w, 99 = 2*w - 5*l. Let j be -3 + (-7)/(-3) + (-772)/12. Let n = j - -79. What is the highest common factor of w and n?
14
Let x = -5154 - -5286. What is the highest common divisor of x and 352?
44
Let f(a) = 3*a**2 - 15*a - 94. Let v be f(17). Calculate the greatest common divisor of v and 148.
74
Let q(z) = 15*z + 16*z - 6 - 3*z**2 + 0 + 2. Suppose 11*y = 3*y + 72. Let c be q(y). What is the greatest common factor of c and 96?
32
Let l = -84 + 324. What is the greatest common factor of 2760 and l?
120
Let g = -7 + 14. Let p be 146/3 - 4/6. Suppose f + 2*f = 2*o - 33, 3*o - 5*f - p = 0. What is the greatest common divisor of g and o?
7
Let j = -67 - -109. Let z be (6/(-9) + 91/j)*48. Suppose 15*t = 19*t - z. What is the greatest common divisor of t and 252?
18
Let v = 81 - 156. Let z = 160 + v. Calculate the greatest common factor of z and 34.
17
Let n = 1286 - 1280. Calculate the highest common divisor of 194 and n.
2
Let b = -3971 + 3983. Calculate the highest common divisor of b and 9084.
12
Let s(x) = 11 - 3*x - 22 - 57*x + 33 - 2*x. Let g be s(0). What is the highest common divisor of g and 22?
22
Suppose 206 = 2*q - 2*c - 188, q = -3*c + 209. Calculate the greatest common factor of 14600 and q.
200
Suppose -16150 = 4*u - 19706. Calculate the greatest common factor of 56 and u.
7
Suppose 42*f = 16*f + 119392. Let l be (18/10)/(-5 + f/910). What is the greatest common divisor of 52 and l?
13
Suppose 845 = j + 28*b - 31*b, -5*j - 2*b = -4140. Calculate the greatest common divisor of 230 and j.
10
Suppose 569 + 151 = 5*j + 15*m, -2*m = 2*j - 276. Let u(o) = -39*o + 3. Let a be u(-3). Calculate the highest common divisor of j and a.
15
Let j be (6/(-22) - 20*(-39)/(-286)) + 2512. What is the greatest common divisor of 13 and j?
13
Let n be ((-55)/(-44))/((-1)/(-28)). Let w = 47 - n. Suppose 7*y = w*y - 120. Calculate the highest common factor of 16 and y.
8
Let b(h) = -12*h**2 - 4*h. Let m be b(3). Let l be (-4118)/(-12) + 20/m. Calculate the greatest common factor of l and 49.
49
Let a(y) = 18*y**2 - 230*y - 1. Let s be a(18). What is the highest common divisor of 178 and s?
89
Let y = 290 - 286. Suppose -y*r - 4*l = -16, 3*r + r + 2*l - 14 = 0. Let i(d) = 5*d - 9. Let m be i(6). What is the greatest common divisor of r and m?
3
Let v(t) = 12*t**2 - 162*t + 12. Let u be v(-10). Calculate the greatest common factor of 48 and u.
48
Let i = 21 + -17. Suppose -5*b = -h + 26, 0 = h + i*b + 